73823 is divided by 6579.
15
What is the remainder when 2663759 is divided by 665915?
99
What is the remainder when 208254 is divided by 69366?
156
Calculate the remainder when 934582 is divided by 73.
36
Calculate the remainder when 237542 is divided by 9496.
142
What is the remainder when 6663988 is divided by 21022?
14
Calculate the remainder when 2966476 is divided by 118659.
1
What is the remainder when 22937 is divided by 1522?
107
What is the remainder when 395844 is divided by 39549?
354
What is the remainder when 478878 is divided by 1640?
1638
Calculate the remainder when 5156727 is divided by 10.
7
Calculate the remainder when 5669 is divided by 1823.
200
Calculate the remainder when 77081630 is divided by 2286.
2282
What is the remainder when 302842 is divided by 7382?
180
Calculate the remainder when 18943759 is divided by 18943748.
11
What is the remainder when 2879220 is divided by 81?
75
Calculate the remainder when 2952 is divided by 2817.
135
Calculate the remainder when 2070599 is divided by 295797.
20
Calculate the remainder when 47359787 is divided by 72.
59
Calculate the remainder when 270253 is divided by 1563.
1417
Calculate the remainder when 655016 is divided by 847.
285
Calculate the remainder when 4238679 is divided by 129.
126
Calculate the remainder when 4511836 is divided by 3738.
70
Calculate the remainder when 3942183 is divided by 5371.
5240
What is the remainder when 267851 is divided by 708?
227
Calculate the remainder when 296756 is divided by 133.
33
What is the remainder when 8052682 is divided by 671056?
10
What is the remainder when 32161437 is divided by 60?
57
What is the remainder when 456722 is divided by 4152?
2
Calculate the remainder when 437010 is divided by 4369.
110
Calculate the remainder when 70695 is divided by 9954.
1017
Calculate the remainder when 1032541 is divided by 60715.
386
What is the remainder when 22657697 is divided by 154?
139
What is the remainder when 2014439 is divided by 1007173?
93
Calculate the remainder when 1252462 is divided by 417481.
19
Calculate the remainder when 1076486 is divided by 2521.
19
What is the remainder when 529337 is divided by 176441?
14
What is the remainder when 47392 is divided by 225?
142
What is the remainder when 666808 is divided by 634?
474
What is the remainder when 31867 is divided by 1070?
837
What is the remainder when 36147382 is divided by 3276?
3274
What is the remainder when 30684 is divided by 7510?
644
What is the remainder when 1249942 is divided by 7621?
98
Calculate the remainder when 391562 is divided by 130369.
455
What is the remainder when 31467 is divided by 31401?
66
What is the remainder when 1977123 is divided by 329509?
69
What is the remainder when 38333 is divided by 933?
80
Calculate the remainder when 29544407 is divided by 169.
165
Calculate the remainder when 28128378 is divided by 19.
18
Calculate the remainder when 2122370 is divided by 53059.
10
Calculate the remainder when 1343322 is divided by 297.
288
Calculate the remainder when 97452 is divided by 541.
72
Calculate the remainder when 273946 is divided by 91214.
304
What is the remainder when 7120970 is divided by 698?
672
Calculate the remainder when 105874547 is divided by 26.
25
What is the remainder when 88945 is divided by 34?
1
What is the remainder when 683612 is divided by 7196?
7188
What is the remainder when 69208544 is divided by 133?
132
What is the remainder when 4636133 is divided by 662303?
12
Calculate the remainder when 7206 is divided by 5455.
1751
What is the remainder when 4767449 is divided by 45404?
29
Calculate the remainder when 11764104 is divided by 72.
24
What is the remainder when 1307417 is divided by 3120?
137
What is the remainder when 1440067 is divided by 17554?
639
Calculate the remainder when 12990304 is divided by 4550.
54
What is the remainder when 155493433 is divided by 15?
13
Calculate the remainder when 17402577 is divided by 21.
3
What is the remainder when 20243 is divided by 19214?
1029
Calculate the remainder when 269863 is divided by 98.
69
What is the remainder when 7367 is divided by 5993?
1374
What is the remainder when 1960317 is divided by 4337?
4330
What is the remainder when 2525387 is divided by 86?
83
What is the remainder when 2116191310 is divided by 782?
778
Calculate the remainder when 59486 is divided by 5877.
716
Calculate the remainder when 310790 is divided by 8397.
101
Calculate the remainder when 1219371 is divided by 304.
27
What is the remainder when 154634590 is divided by 8?
6
What is the remainder when 803423 is divided by 520?
23
Calculate the remainder when 20537398 is divided by 5134333.
66
What is the remainder when 483251 is divided by 241338?
575
What is the remainder when 690426 is divided by 17?
5
Calculate the remainder when 1225713 is divided by 497.
111
What is the remainder when 31065 is divided by 1716?
177
Calculate the remainder when 6989654 is divided by 44520.
14
Calculate the remainder when 150160 is divided by 4371.
1546
Calculate the remainder when 227971 is divided by 4325.
3071
Calculate the remainder when 2405139 is divided by 1492.
35
Calculate the remainder when 32928 is divided by 2736.
96
Calculate the remainder when 256980 is divided by 1891.
1695
What is the remainder when 8247438 is divided by 396?
342
What is the remainder when 1643365 is divided by 420?
325
Calculate the remainder when 22332392 is divided by 2480.
2472
What is the remainder when 1006579 is divided by 258?
121
Calculate the remainder when 111691822 is divided by 1249.
1246
Calculate the remainder when 54532 is divided by 18134.
130
What is the remainder when 574644 is divided by 41?
29
Calculate the remainder when 3201562 is divided by 640301.
57
Calculate the remainder when 197179210 is divided by 11.
8
What is the remainder when 1294185 is divided by 377?
321
Calculate the remainder when 2038182 is divided by 222.
0
What is the remainder when 31094 is divided by 5737?
2409
What is the remainder when 304756289 is divided by 20811?
5
Calculate the remainder when 127084 is divided by 126859.
225
What is the remainder when 265839 is divided by 88396?
651
What is the remainder when 2814259 is divided by 703557?
31
What is the remainder when 897904 is divided by 1307?
1302
What is the remainder when 2263319741 is divided by 32?
29
What is the remainder when 741031 is divided by 148?
143
What is the remainder when 1849253 is divided by 1174?
203
What is the remainder when 795194 is divided by 238?
36
Calculate the remainder when 152341065 is divided by 13882.
13879
What is the remainder when 56650 is divided by 1223?
392
What is the remainder when 35100307 is divided by 1855?
1852
What is the remainder when 1177058 is divided by 1842?
20
Calculate the remainder when 10005889 is divided by 1855.
19
What is the remainder when 2458767 is divided by 388?
11
What is the remainder when 236151746 is divided by 2?
0
Calculate the remainder when 4440222 is divided by 74.
0
Calculate the remainder when 121007 is divided by 12024.
767
Calculate the remainder when 1833726 is divided by 13.
11
What is the remainder when 299664 is divided by 8028?
2628
Calculate the remainder when 112388 is divided by 11608.
7916
What is the remainder when 15222674 is divided by 116?
110
Calculate the remainder when 286680 is divided by 1886.
8
Calculate the remainder when 2153 is divided by 1804.
349
Calculate the remainder when 276057 is divided by 3069.
2916
Calculate the remainder when 10492281 is divided by 4444.
4441
Calculate the remainder when 2560624 is divided by 654.
214
Calculate the remainder when 8824 is divided by 162.
76
Calculate the remainder when 31680 is divided by 29439.
2241
What is the remainder when 13106028 is divided by 5232?
5100
Calculate the remainder when 524849 is divided by 374.
127
What is the remainder when 4984230 is divided by 186?
174
What is the remainder when 83418390 is divided by 149?
144
Calculate the remainder when 17808 is divided by 4397.
220
What is the remainder when 787235 is divided by 391628?
3979
What is the remainder when 58557 is divided by 2945?
2602
Calculate the remainder when 1487685 is divided by 520.
485
What is the remainder when 13754662 is divided by 594?
592
Wh